**2 - 14*a - 20. Determine s(-15).
-35
Let o(y) = y**2 - 21*y - 6. Give o(21).
-6
Let t(q) = -7*q + 31. Calculate t(5).
-4
Let g(y) = y**3 - 13*y**2 - 10*y + 133. What is g(13)?
3
Let h(t) = -4*t - 105. Give h(-26).
-1
Let o(u) = 2*u**3 + 11*u**2 - 6*u + 6. Give o(-6).
6
Let l(p) = p**3 + 8*p**2 + 3*p + 3. Determine l(-8).
-21
Let y(u) = u**3 + 4*u**2 - 2*u + 3. Give y(-4).
11
Let s(x) = -x**3 + 16*x**2 + 40*x + 12. Determine s(18).
84
Let m(j) = -j**2 - 24*j - 64. Calculate m(-23).
-41
Let k(g) = -g**2 + 2*g. Calculate k(-4).
-24
Let t(p) = 16*p + 18. Give t(-3).
-30
Let d(t) = -t**3 - 6*t**2 - 2*t - 2. Calculate d(-5).
-17
Let s(m) = m**2 + 25*m - 49. Calculate s(-26).
-23
Let j(t) = t**2 - 11*t + 18. Give j(10).
8
Let i(v) = 2*v**2 + v - 13. Calculate i(-7).
78
Let f(t) = t**3 - 8*t**2 + 4*t + 30. What is f(6)?
-18
Let j(h) = -h**2 + 13*h - 36. Give j(6).
6
Let q(a) = -34*a - 11. Calculate q(5).
-181
Let j(u) = -u**3 - 3*u**2 + u - 9. What is j(0)?
-9
Let h(r) = -49*r + 43. What is h(2)?
-55
Let l(v) = -v**3 + 47*v**2 + 261*v - 62. Calculate l(52).
-10
Let x(i) = -i**2 - 2*i + 15. What is x(-6)?
-9
Let a(v) = -v**2 + 22*v - 53. Determine a(20).
-13
Let z(j) = 2*j**2 + 50*j - 9. Calculate z(-25).
-9
Let d(y) = y**3 - 5*y**2 - 12*y + 5. Calculate d(8).
101
Let p(f) = -f**3 + 6*f**2 + f - 7. Determine p(7).
-49
Let t(p) = p**3 - 17*p**2 + p - 20. Give t(17).
-3
Let w(f) = -32*f**2 + 1. What is w(-1)?
-31
Let o(q) = -q + 20. Determine o(13).
7
Let r(w) = -w**2 + 18*w + 20. Calculate r(16).
52
Let i(g) = g**2 + 13*g + 9. Calculate i(-12).
-3
Let c(n) = 4*n + 3. What is c(4)?
19
Let x(d) = d**3 - 8*d**2 + 6*d - 5. What is x(4)?
-45
Let o(z) = z**2 - z + 48. Calculate o(0).
48
Let d(u) = u**3 + 10*u**2 + 7*u - 20. Determine d(-9).
-2
Let n(g) = g**3 - 15*g**2 + 6*g + 99. Calculate n(14).
-13
Let z(x) = x - 6. Determine z(4).
-2
Let l(g) = 7*g - 25. What is l(5)?
10
Let n(q) = 3*q**2 + 59*q + 38. What is n(-19)?
0
Let q(m) = -5*m**2 - 5*m - 4. Determine q(-3).
-34
Let r(b) = -5*b - 32. Determine r(-5).
-7
Let z(d) = d**3 + d + 12. Give z(0).
12
Let n(t) = 4*t**3 - 4*t**2 + 2*t + 4. Give n(2).
24
Let k(u) = 8*u + 51. Calculate k(-25).
-149
Let v(n) = -65*n + 387. Calculate v(6).
-3
Let l(n) = -12*n - 6. Calculate l(-1).
6
Let p(s) = -16*s + 27. Calculate p(2).
-5
Let s(k) = -40*k**2 - k + 2. Calculate s(1).
-39
Let m(f) = -f**2 - 6*f + 1. Give m(-4).
9
Let x(s) = s**2 + 57*s + 265. Give x(-52).
5
Let a(h) = 103*h + 99. Determine a(-1).
-4
Let x(b) = -74*b - 5. Determine x(-1).
69
Let r(k) = k**3 - 10*k**2 + 5*k - 28. Determine r(10).
22
Let l(p) = -2*p**3 + 5*p**2 - 4*p + 1. Calculate l(1).
0
Let h(s) = -s**3 - 20*s**2 - s - 18. Calculate h(-20).
2
Let j(g) = -3*g - 14. Determine j(10).
-44
Let p(d) = -d**2 + 13*d - 8. Determine p(13).
-8
Let a(n) = 2*n**3 - 6*n**2 - 11*n + 11. Determine a(4).
-1
Let a(f) = -5*f**2 + 176*f - 27. Give a(35).
8
Let v(p) = p**2 - 8*p - 7. What is v(8)?
-7
Let y(g) = -4*g + 70. Give y(23).
-22
Let q(t) = -3*t**2 - 38*t - 9. Calculate q(-12).
15
Let w(n) = 12*n**3 - n**2 + n. Determine w(2).
94
Let r(j) = 9*j**3 - j**2 + j + 1. Give r(-1).
-10
Let r(u) = -2*u + 10. Give r(2).
6
Let p(f) = -82*f - 738. Give p(-9).
0
Let r(w) = -w**3 + 5*w**2 - 2*w - 5. Calculate r(0).
-5
Let r(k) = 11*k - 30. Determine r(5).
25
Let o(j) = -2*j**2 - 9*j + 36. What is o(4)?
-32
Let t(h) = h**2 - 2*h + 138. What is t(0)?
138
Let m(h) = -3*h + 36. Determine m(-11).
69
Let s(z) = -33*z**2 + 2. Give s(1).
-31
Let r(l) = -l**2 + 10*l - 9. Calculate r(9).
0
Let f(z) = -z + 25. Determine f(19).
6
Let u(a) = -3*a**2 - 34*a + 7. What is u(-15)?
-158
Let q(x) = x**3 - 7*x**2 + 8*x - 6. What is q(6)?
6
Let n(f) = -2*f**2 + 6*f + 5. Give n(-2).
-15
Let p(i) = i**3 - 6*i**2 - 7*i - 7. Determine p(7).
-7
Let h(o) = o**2 - 22*o + 109. Determine h(5).
24
Let j(l) = -l**3 + 9*l**2 - 14*l + 8. Calculate j(7).
8
Let t(d) = 9*d + 118. Determine t(-7).
55
Let l(k) = -k**2 + k - 3. Calculate l(1).
-3
Let n(h) = 2*h + 14. What is n(-6)?
2
Let j(i) = i**3 + 40*i**2 - 84*i - 11. What is j(-42)?
-11
Let o(z) = z**3 - 9*z**2 + 2*z + 8. Determine o(8).
-40
Let h(i) = -2*i**2 + 8*i + 26. Give h(6).
2
Let m(n) = -n**2 + 32*n - 29. Give m(1).
2
Let i(c) = -c + 5. What is i(0)?
5
Let k(p) = -8*p**2 + 5*p + 5. Calculate k(-1).
-8
Let c(z) = -z**3 - 6*z**2 + 5. Calculate c(-6).
5
Let j(z) = z**2 - 14*z + 46. Give j(7).
-3
Let p(d) = d**2 + 10*d - 9. Calculate p(-10).
-9
Let d(j) = j**2 - 118*j - 489. Calculate d(-4).
-1
Let o(z) = z + 13. What is o(-9)?
4
Let v(d) = -d + 8. What is v(2)?
6
Let m(t) = 12*t - 12. What is m(-6)?
-84
Let o(q) = -12*q - 102. What is o(-10)?
18
Let w(n) = -n**2 + 6*n - 12. Give w(9).
-39
Let v(g) = -g - 1. What is v(16)?
-17
Let a(c) = 2*c - 9. Give a(11).
13
Let g(r) = -r**2 - 2*r + 32. Determine g(-8).
-16
Let d(q) = 7*q + 13. Give d(-6).
-29
Let m(l) = l**2 - 9*l + 11. Calculate m(6).
-7
Let q(l) = l**2 - 19*l + 29. Calculate q(17).
-5
Let a(y) = -y**2 - 2*y + 13. Calculate a(0).
13
Let k(x) = x**3 - 2*x**2 - 6*x + 9. Give k(3).
0
Let b(q) = -q**2 - 26*q - 151. Determine b(-17).
2
Let b(u) = 2*u**2 + u. What is b(-6)?
66
Let d(j) = j**3 + 2*j**2 - 2*j + 3. What is d(2)?
15
Let t(l) = l**3 + 41*l**2 - 90*l - 178. Give t(-43).
-6
Let p(w) = -37*w + 5. Calculate p(-3).
116
Let h(o) = o**3 + 3*o**2 - 11*o - 7. Give h(-5).
-2
Let u(o) = o**3 + 2*o**2 - 10*o - 7. Give u(-5).
-32
Let u(y) = -y**3 - 5*y**2 + 2*y + 1. Calculate u(-5).
-9
Let n(t) = t**3 - 4*t**2 - t + 17. Calculate n(4).
13
Let q(b) = -12*b**3 - 9*b**2 + 10*b. Determine q(1).
-11
Let h(k) = 2*k**3 - 18*k**2 - 17*k - 39. Determine h(10).
-9
Let g(s) = -s + 2. Calculate g(-8).
10
Let o(i) = 4*i - 4. Determine o(-4).
-20
Let l(k) = -k - 3. Give l(2).
-5
Let x(w) = -8*w**2 + w - 1. Determine x(-2).
-35
Let x(a) = a**3 - 6*a**2 + 2*a - 10. Give x(5).
-25
Let j(i) = 64*i - 381. Calculate j(6).
3
Let m(f) = -f**2 + 17*f - 9. Give m(16).
7
Let a(v) = v**3 + 7*v**2 - 4*v + 13. Give a(-8).
-19
Let o(x) = x**2 + 17*x - 14. What is o(-18)?
4
Let w(m) = 3*m + 73. Calculate w(-24).
1
Let h(j) = 2*j**2 + 35*j - 6. Determine h(-17).
-23
Let l(d) = 3*d**3 - 2*d**2 + d + 3. What is l(2)?
21
Let s(q) = -3*q**2 - 22*q - 11. Calculate s(-7).
-4
Let d(m) = -m**2 - 7*m + 22. Give d(-10).
-8
Let w(y) = 2*y**3 + 2*y**2 + y - 2. Calculate w(2).
24
Let a(w) = -w**2 + 2*w + 12. What is a(-3)?
-3
Let p(j) = j**3 + 9*j**2 + 11*j + 4. Give p(-8).
-20
Let u(m) = m**3 - 7*m**2 + 8*m - 2. Determine u(2).
-6
Let p(b) = -3*b - 12. What is p(0)?
-12
Let n(w) = w**2 + 28*w + 51. Calculate n(-26).
-1
Let x(y) = y**2 + 25*y + 38. What is x(-25)?
38
Let n(b) = -b**2 - 10*b + 23. What is n(-12)?
-1
Let f(i) = i**2 - 15*i - 28. Determine f(-2).
6
Let p(t) = 2*t - 21. Determine p(18).
15
Let b(o) = -o**3 + o**2 - 3*o + 6. Give b(0).
6
Let c(u) = -u - 15. What is c(-13)?
-2
Let m(c) = -c**2 + 8*c + 9. Give m(7).
16
Let k(t) = t**2 - 7*t + 5. What is k(3)?
-7
Let w(d) = d**3 + 3*d**2 + 2. Calculate w(-3).
2
Let j(d) = -d**3 + 15*d**2 + 18. Determine j(15).
18
Let i(g) = -9*g + 2. What is i(-1)?
11
Let f(s) = -s**3 + 6*s**2 - 5*s + 1. Determine f(5).
1
Let f(r) = -25*r + 85. Give f(6).
-65
Let x(a) = 2*a**2 - 11*a - 13. Give x(7).
8
Let j(c) = c**3 + 2*c**2 + 3*c + 4. What is j(-3)?
-14
Let h(i) = -i**3 + 13*i**2 - 3*i + 31. What is h(13)?
-8
Let g(y) = 3*y - 52. Calculate g(20).
8
Let b(l) = l**3 - 34. What is b(0)?
-34
Let g(o) = -o**3 + 19*o**2 - 16*o - 10. Give g(18).
26
Let d(r) = -r**2 + 25*r - 48. What is d(22)?
18
Let s(z) = -z**2 - 11*z + 37. Determine s(3).
-5
Let m(v) = -v**3 + 8*v**2 + v - 3. What is m(8)?
5
Let h(q) = -4*q**3 - 6*q**2 - 11*q - 8. Calculate h(-3).
79
Let r(k) = k**2 - 33*k - 19. Give r(34).
15
Let r(k) = 16*k**2 + 2*k + 4. Calculate r(-2).
64
Let k(i) = -i**3 + 3*i**2 + 12*i - 26. Calculate k(5).
-16
Let r(t) = t**3 - 5*t**2 - 6*t - 6. Determine r(6).
-6
Let i(r) = -r - 14. Give i(-10).
-4
Let b(t) = 11*t - 397. Determine b(36).
-1
Let l(s) = -15*s - 102. What is l(-7)?
3
Let y(h) = h**2 - 2*h - 3. Calculate y(6).
21
Let x(o) = -o**3 - 13*o**2 - 9. What is x(-13)?
-9
Let i(f) = 2*f**3 - f**2 + 4*f + 3. Calculate i(-2).
-25
Let j(c) = c + 4. Give j(-9).
-5
Let u(d) = -d**2 + 36*d + 77. Give u(38).
1